 highest common divisor of y and 13.
13
Let h be (72/21)/((-6)/(-21)). Let a(g) = 3*g - 3. Let z be a(3). Calculate the highest common factor of h and z.
6
Let i(r) = r**3 + 7*r**2 - 2*r - 9. Let c be i(-7). Suppose -c*g = -2*s + 3*s - 74, 5*g - 72 = -3*s. What is the greatest common factor of g and 15?
15
Let b be 4/26 + (-504)/(-104). Suppose h + 2*c = 16, -9 = -2*h + b*c + 14. Calculate the highest common divisor of 14 and h.
14
Let b(u) = 27*u - 9. Let c be b(2). What is the highest common factor of 30 and c?
15
Let a be -1*(1 + (-6)/(-3)). Let v(y) = -2*y**3 - 3*y**2 - y. Let j be v(a). Calculate the greatest common factor of j and 15.
15
Let d be (4/8)/(-1)*-38. Suppose d = m - 5*h, -3*m - 4*h = -2*h - 23. What is the highest common factor of m and 72?
9
Let z = 27 - 57. Let a be z/(-12)*(23 + -1). Calculate the highest common factor of a and 5.
5
Let c be (12/8)/(3/32). Suppose -4*r + 0 = c, x = 4*r + 21. Suppose -330 = -5*z + f, 0 = f + x. Calculate the highest common factor of z and 26.
13
Let q(o) = -o**3 + 1. Let m be q(0). Let s = -13 - -17. Calculate the highest common factor of s and m.
1
Suppose 4*u = -2*a - 14, 11 = -0*a - 5*a - 2*u. Let n(w) = w - 9. Let g be n(10). Let h be ((-18)/2*g)/a. What is the greatest common factor of 81 and h?
9
Let w(y) = -22*y. Suppose -2*f - 27 = 5*v, -26 = f + 3*v + 2*v. Let j be w(f). Suppose p + 7 = j. Calculate the highest common divisor of p and 5.
5
Let n be 3 - 135/((-6)/2). Suppose 3*d - 6*d + n = 0. What is the greatest common factor of d and 24?
8
Suppose -11*d + 269 = 16. What is the highest common divisor of d and 46?
23
Let x = -31 + 22. Let u be -3*1 + 29 + x. What is the greatest common factor of u and 187?
17
Suppose 0 = -j - 0*j - b + 15, 3*b = -9. Calculate the highest common factor of j and 6.
6
Suppose 3*c + 4*z - 232 = 0, -4*z = 6 + 2. Calculate the highest common factor of 40 and c.
40
Let s = -79 + 128. Suppose 15 = t + 4*g, -4*t = g + g - 18. Suppose t*x - 14 = x. Calculate the highest common divisor of x and s.
7
Let f be (-1)/(3/24) - 2. Let k be (f + 12)/(1/2). Calculate the highest common divisor of k and 32.
4
Let y(l) = -l**3 + 7*l**2 - 2*l + 5. Let d be y(5). Let j = -96 - -101. Calculate the highest common divisor of j and d.
5
Let l be (-6)/33 + (-1293)/(-33). What is the greatest common divisor of 65 and l?
13
Suppose 4*m - 447 = -5*v, -4*m + 7*m = 3*v - 279. Let n be (-4)/6 - v/3. Let b = -13 - n. What is the greatest common divisor of b and 90?
18
Suppose 0*l + l = 3. Let y = -605 - -872. Suppose 5*o + 237 + 51 = l*i, 3*i + 2*o - y = 0. Calculate the highest common divisor of i and 13.
13
Suppose -2 + 5 = t. Suppose 4*i = 2*s - 4*s + 24, s + t*i = 13. Calculate the highest common factor of s and 10.
10
Let u = 8 + -13. Let a = u + 14. Suppose -13 + 1 = 3*t, -5*s + 11 = t. Calculate the greatest common divisor of a and s.
3
Let b be 173/7 + 4/14. Suppose 5*v - 110 = -5*y, -y + 6*y = -b. Calculate the greatest common factor of v and 9.
9
Suppose -47 = -3*x + 28. Suppose -5*i + 3*q = -37, q - 11 = -i - 2*i. Calculate the highest common divisor of x and i.
5
Suppose 0 = 4*p + 5*h - 1040, 5*p - 2*h - h = 1300. What is the greatest common divisor of p and 20?
20
Let c be (-860)/(-110) + 2/11. Calculate the highest common factor of c and 88.
8
Let s = -14 - -20. Let n(l) = 6*l. Let o be n(s). Calculate the highest common divisor of 4 and o.
4
Let m be (133/(-28))/(2/(-8)). Calculate the highest common factor of 76 and m.
19
Let i(p) = 4*p**3 + 2*p**2 + 2. Let v be i(2). Calculate the greatest common factor of v and 6.
6
Suppose -125 = -0*a - 5*a + k, a + 4*k - 25 = 0. Suppose 2*z + 4*s - 16 = 0, 5*z + s - 24 - a = 0. What is the greatest common divisor of z and 20?
10
Let i(n) = 214*n. Suppose 6*j = j - 5. Let y be i(j). Let o be (-6)/(-27) + y/(-9). Calculate the greatest common factor of o and 60.
12
Let h be (-6)/((9/(-4))/3). What is the highest common divisor of h and 36?
4
Let x(p) be the third derivative of 61*p**5/60 - p**4/12 + p**3/3 + 2*p**2. Let o be x(2). What is the highest common divisor of o and 22?
22
Suppose -c + 0*c = 2. Let q be 1*1/c*-2. Let k be q*3/3 + 17. What is the greatest common factor of 3 and k?
3
Let n = 2 + -4. Let q = n + 17. Let k be -16*(1 + -2) - 1. What is the greatest common factor of k and q?
15
Suppose 0*v + v = -a - 14, -4*v = -2*a + 56. Let q(r) = -r - 3. Let j be q(v). What is the greatest common factor of 110 and j?
11
Suppose 7*s - 220 = 2*s. Calculate the greatest common divisor of 110 and s.
22
Let o = 75 + -50. What is the highest common factor of 175 and o?
25
Let g(v) = -5*v - 3. Let m be g(-7). Calculate the highest common divisor of 8 and m.
8
Let y be 1/4 + (-7)/(-4). Suppose 0*s - 5*s = -4*n - 2, -22 = 5*s + 4*n. Let t be (-264)/(-15) + s/(-5). What is the greatest common factor of t and y?
2
Suppose -8*n + 160 = -3*n. Calculate the highest common divisor of n and 8.
8
Suppose -4*l + 80 = 12. What is the greatest common factor of 17 and l?
17
Suppose -10 + 3 = -3*f - 4*d, 3*f - 11 = -2*d. Suppose -5*w + 70 = 5*t, 39 = f*t - 3*w - 15. What is the highest common factor of t and 60?
12
Let v be (-9)/(-21) + (-1394)/(-14). Calculate the greatest common factor of v and 20.
20
Suppose -10*x + 68 = -9*x. Calculate the highest common factor of x and 4.
4
Let n(r) = 34*r**3 + 2*r - 1. Let k be n(1). What is the greatest common factor of 7 and k?
7
Let m = 9 - 7. Suppose m*k - u = -2*k + 50, -k + 18 = -3*u. Calculate the highest common divisor of 6 and k.
6
Let d be (-42 - 2)*(3 - (-4 - -8)). Calculate the greatest common factor of 66 and d.
22
Suppose 7*j = 3*j - 16. Suppose -90 = g - 6*g. Let y be g/12 + (-2)/j. What is the highest common divisor of y and 18?
2
Let z be 5 + -1 + 3 + -2. Suppose 3 = z*l - 2. Suppose -4*k + l = -63. What is the greatest common divisor of k and 64?
16
Let h be -2 - (8*19)/(-4). Let i be 1*(0 + 1 + -2). Let x be (-74)/(-8) - i/(-4). Calculate the greatest common factor of h and x.
9
Suppose 2*y - v = y - 3, 0 = 2*y + 3*v - 9. Suppose y = 5*x - 14 - 1. Calculate the greatest common divisor of 21 and x.
3
Let b be 1254/45 - (3 + 47/(-15)). Let m = -20 + 48. Suppose -3*g = -5*g + m. Calculate the highest common factor of g and b.
14
Suppose 23 = 4*c + 119. Let l be (c/10)/((-42)/140). Calculate the highest common factor of 8 and l.
8
Let o = 10 + -7. Suppose 2*b - 45 = -o*b. Let h be 291/b - (-1)/(-3). What is the greatest common divisor of h and 4?
4
Let a = -23 - -75. Let p(y) = -5*y - 2. Let z be p(-3). What is the greatest common divisor of a and z?
13
Suppose 0 = -5*w - 30 - 35. Let u(j) = -j**2 - 14*j - 5. Let v be u(w). Calculate the greatest common divisor of 56 and v.
8
Let v(g) = 59*g**3 + g**2 + g - 1. Let c be v(1). Calculate the highest common factor of 90 and c.
30
Let v(x) = -x**2 + 3*x + 2. Let z be v(6). Let i be z/(-2) + -2 + 3. Calculate the greatest common factor of i and 72.
9
Suppose -5*b - 1 = -6. Let d be ((-6)/(-8))/(b/8). Let y = 55 - 7. Calculate the greatest common factor of y and d.
6
Let h = -505 + 276. Let m = -157 - h. Calculate the greatest common divisor of m and 8.
8
Let m(s) = 2*s**3 + 2*s**2 - 3*s. Let v be m(2). What is the highest common factor of v and 36?
18
Suppose 36 = -0*a + 3*a. Suppose 0 = n - 3*n + 1056. Suppose -l = 3*l - n. Calculate the highest common factor of a and l.
12
Suppose -4*b + 29 = -7. Calculate the highest common divisor of 45 and b.
9
Suppose -7*v + 3*v = -160. What is the highest common divisor of 8 and v?
8
Let z(s) = -s**3 - 5*s**2 + 9*s - 1. Let j be z(-7). What is the highest common divisor of 68 and j?
34
Suppose 3*y = 40 - 16. Suppose 3*c + 70 = 2*j, c - y - 17 = -j. Calculate the highest common factor of j and 232.
29
Suppose 5*w - 38 = 42. Let k = 5 + 102. Suppose -4*i + k + 208 = o, 3*o = -15. What is the greatest common factor of w and i?
16
Let y be 2/(-3) + 816/9. Calculate the highest common divisor of 10 and y.
10
Suppose -4*i = 3*u - 249, 2*u - 66 = -0*i - i. What is the highest common factor of i and 12?
12
Suppose 0 = -4*m + 3*u + 5742, -6*m = -m - 4*u - 7177. Suppose 1203 + m = 5*p. Suppose -4*v = -v - p. Calculate the greatest common factor of 16 and v.
16
Suppose 9 - 27 = -2*g. Calculate the highest common div